{"id":870,"date":"2025-10-21T18:14:15","date_gmt":"2025-10-21T16:14:15","guid":{"rendered":"https:\/\/servcarritxo.com\/datenschutzrichtlinie\/"},"modified":"2025-10-21T18:14:15","modified_gmt":"2025-10-21T16:14:15","slug":"datenschutzrichtlinie","status":"publish","type":"page","link":"https:\/\/servcarritxo.com\/de\/datenschutzrichtlinie\/","title":{"rendered":"DATENSCHUTZRICHTLINIE"},"content":{"rendered":"<div class=\"fusion-fullwidth fullwidth-box fusion-builder-row-1 fusion-flex-container has-pattern-background has-mask-background nonhundred-percent-fullwidth non-hundred-percent-height-scrolling\" style=\"--awb-border-radius-top-left:0px;--awb-border-radius-top-right:0px;--awb-border-radius-bottom-right:0px;--awb-border-radius-bottom-left:0px;--awb-flex-wrap:wrap;\" ><div class=\"fusion-builder-row fusion-row fusion-flex-align-items-flex-start fusion-flex-content-wrap\" style=\"max-width:1144px;margin-left: calc(-4% \/ 2 );margin-right: calc(-4% \/ 2 );\"><div class=\"fusion-layout-column fusion_builder_column fusion-builder-column-0 fusion_builder_column_1_1 1_1 fusion-flex-column\" style=\"--awb-bg-size:cover;--awb-width-large:100%;--awb-margin-top-large:0px;--awb-spacing-right-large:1.92%;--awb-margin-bottom-large:20px;--awb-spacing-left-large:1.92%;--awb-width-medium:100%;--awb-order-medium:0;--awb-spacing-right-medium:1.92%;--awb-spacing-left-medium:1.92%;--awb-width-small:100%;--awb-order-small:0;--awb-spacing-right-small:1.92%;--awb-spacing-left-small:1.92%;\"><div class=\"fusion-column-wrapper fusion-column-has-shadow fusion-flex-justify-content-flex-start fusion-content-layout-column\"><div class=\"fusion-title title fusion-title-1 fusion-title-center fusion-title-text fusion-title-size-one\"><div class=\"title-sep-container title-sep-container-left\"><div class=\"title-sep sep- sep-solid\" style=\"border-color:#e0dede;\"><\/div><\/div><span class=\"awb-title-spacer\"><\/span><h1 class=\"fusion-title-heading title-heading-center\" style=\"margin:0;\"><p>DATENSCHUTZRICHTLINIE<\/p>\n<p>&nbsp;<\/p><\/h1><span class=\"awb-title-spacer\"><\/span><div class=\"title-sep-container title-sep-container-right\"><div class=\"title-sep sep- sep-solid\" style=\"border-color:#e0dede;\"><\/div><\/div><\/div><div class=\"fusion-separator fusion-full-width-sep\" style=\"align-self: center;margin-left: auto;margin-right: auto;width:100%;\"><div class=\"fusion-separator-border sep-shadow\" style=\"--awb-height:20px;--awb-amount:20px;background:radial-gradient(ellipse at 50% -50% , #e0dede 0px, rgba(255, 255, 255, 0) 80%) repeat scroll 0 0 rgba(0, 0, 0, 0);background:-webkit-radial-gradient(ellipse at 50% -50% , #e0dede 0px, rgba(255, 255, 255, 0) 80%) repeat scroll 0 0 rgba(0, 0, 0, 0);background:-moz-radial-gradient(ellipse at 50% -50% , #e0dede 0px, rgba(255, 255, 255, 0) 80%) repeat scroll 0 0 rgba(0, 0, 0, 0);background:-o-radial-gradient(ellipse at 50% -50% , #e0dede 0px, rgba(255, 255, 255, 0) 80%) repeat scroll 0 0 rgba(0, 0, 0, 0);\"><\/div><\/div><div class=\"fusion-text fusion-text-1\" style=\"--awb-content-alignment:justify;--awb-margin-top:30px;\"><p class=\"p1\">In Erf\u00fcllung der Bestimmungen der <span class=\"s1\">Datenschutz-Grundverordnung (EU) 2016\/679<\/span> des Europ\u00e4ischen Parlaments und des Rates vom 27. April 2016 sowie des <span class=\"s1\">spanischen Datenschutzgesetzes (Ley Org\u00e1nica 3\/2018 vom 5. Dezember)<\/span>zum Schutz personenbezogener Daten und zur Gew\u00e4hrleistung der digitalen Rechte informieren wir Sie \u00fcber Folgendes:<\/p>\n<\/p>\n<p class=\"p1\">Der Inhaber dieser Website und Verantwortliche f\u00fcr die \u00fcber diese Website oder im Rahmen seiner beruflichen T\u00e4tigkeit durchgef\u00fchrten Datenverarbeitungen ist <span class=\"s1\">SERVCARRITXO SL<\/span> (nachfolgend der <span class=\"s1\">VERANTWORTLICHE<\/span>), mit Sitz in <span class=\"s1\">Quinta Vuelta, 135 \u2013 07208 Es Carritx\u00f3 (Illes Balears)<\/span>, <span class=\"s1\">N.I.F. B07960537<\/span>, und der E-Mail-Adresse f\u00fcr Datenschutzanliegen: <span class=\"s1\">LOPD@SERVCARRITXO.COM<\/span>.<\/p>\n<\/p>\n<p class=\"p1\">Die \u00fcber diese Website oder auf anderem Wege erhobenen personenbezogenen Daten werden <span class=\"s1\">sicher und vertraulich<\/span>behandelt. Es werden technische und organisatorische Ma\u00dfnahmen angewendet, um den Schutz dieser Daten vor unbefugter oder unrechtm\u00e4\u00dfiger Verarbeitung sowie vor Verlust, Zerst\u00f6rung oder versehentlicher Besch\u00e4digung zu gew\u00e4hrleisten.<\/p>\n<\/p>\n<p class=\"p1\">Diese Daten werden in die entsprechenden Verarbeitungst\u00e4tigkeiten des VERANTWORTLICHEN aufgenommen, zu denen unter anderem die Verwaltung der \u00fcber diese Website und ihre Formulare erhobenen personenbezogenen Daten geh\u00f6rt. Die als obligatorisch gekennzeichneten Angaben sind stets die minimal erforderlichen Informationen, um den jeweiligen vertraglichen oder gesetzlichen Zweck zu erf\u00fcllen. Verarbeitete Daten k\u00f6nnen Identifikationsdaten, Post- und E-Mail-Adressen sowie gesch\u00e4ftsbezogene Informationen \u00fcber angefragte Dienstleistungen umfassen.<\/p>\n<\/p>\n<p class=\"p1\">Der <span class=\"s1\">Zweck<\/span> der Datenverarbeitung besteht \u2013 je nach Fall \u2013 in der Verwaltung von Anfragen oder Reservierungen, der Organisation der beruflichen T\u00e4tigkeit des VERANTWORTLICHEN zur ordnungsgem\u00e4\u00dfen Erbringung der angebotenen Dienstleistungen, der Pflege der Beziehung zu Kunden und potenziellen Kunden sowie in der Erf\u00fcllung gesetzlicher Verpflichtungen, die sich aus der ausge\u00fcbten T\u00e4tigkeit ergeben.<\/p>\n<\/p>\n<p class=\"p1\">Die Verarbeitung personenbezogener Daten erfolgt auf einer der folgenden <span class=\"s1\">Rechtsgrundlagen<\/span>:<\/p>\n<\/p>\n<p class=\"p3\">\n<ul>\n<li>\n<p class=\"p1\">Auf der Grundlage Ihrer <span class=\"s1\">Einwilligung<\/span>, wenn diese erforderlich ist, freiwillig, spezifisch, informiert und unmissverst\u00e4ndlich erteilt wird;<\/p>\n<\/li>\n<li>\n<p class=\"p1\">Zur <span class=\"s1\">Erf\u00fcllung eines Vertrags<\/span>, dessen Vertragspartei Sie sind, oder zur Durchf\u00fchrung vorvertraglicher Ma\u00dfnahmen auf Ihre Anfrage hin;<\/p>\n<\/li>\n<li>\n<p class=\"p1\"><span class=\"s1\">Zur <\/span>Erf\u00fcllung einer rechtlichen Verpflichtung<span class=\"s1\">, die den VERANTWORTLICHEN betrifft;<\/span><\/p>\n<\/li>\n<li>\n<p class=\"p1\">Oder auf Grundlage des <span class=\"s1\">berechtigten Interesses<\/span> des VERANTWORTLICHEN, sofern dieses ordnungsgem\u00e4\u00df abgewogen wurde.<\/p>\n<\/li>\n<\/ul>\n<p>&nbsp;<\/p>\n<p class=\"p1\">Die personenbezogenen Daten werden nur so lange aufbewahrt, wie es zur Erf\u00fcllung des Zwecks, f\u00fcr den sie erhoben wurden, und zur Feststellung m\u00f6glicher rechtlicher Verantwortlichkeiten erforderlich ist, es sei denn, gesetzliche Vorschriften sehen ausdr\u00fccklich l\u00e4ngere Aufbewahrungsfristen vor.<\/p>\n<\/p>\n<p class=\"p1\">Eine Weitergabe personenbezogener Daten an Dritte erfolgt <span class=\"s1\">nicht<\/span>, es sei denn, es besteht eine gesetzliche Verpflichtung. In diesem Fall k\u00f6nnen die Daten unter anderem an Arbeits- oder Steuerbeh\u00f6rden \u00fcbermittelt werden.<\/p>\n<\/p>\n<p class=\"p1\">Die betroffene Person hat das Recht auf <span class=\"s1\">Auskunft<\/span>, <span class=\"s1\">Berichtigung<\/span>, <span class=\"s1\">L\u00f6schung<\/span>, <span class=\"s1\">Einschr\u00e4nkung der Verarbeitung<\/span>, <span class=\"s1\">Widerspruch<\/span> gegen die Verarbeitung sowie auf <span class=\"s1\">Daten\u00fcbertragbarkeit<\/span>. Sofern die Verarbeitung auf Einwilligung beruht, kann diese jederzeit widerrufen werden, ohne dass die Rechtm\u00e4\u00dfigkeit der aufgrund der Einwilligung bis zum Widerruf erfolgten Verarbeitung ber\u00fchrt wird. Au\u00dferdem besteht das Recht, eine Beschwerde bei der zust\u00e4ndigen Aufsichtsbeh\u00f6rde einzureichen, insbesondere bei der <span class=\"s1\">Spanischen Datenschutzbeh\u00f6rde (Agencia Espa\u00f1ola de Protecci\u00f3n de Datos \u2013 www.aepd.es)<\/span>.<\/p>\n<\/p>\n<p class=\"p1\">Zur Aus\u00fcbung der genannten Rechte kann sich die betroffene Person schriftlich an den VERANTWORTLICHEN \u00fcber einen der oben angegebenen Kontaktwege wenden.<\/p>\n<\/div><\/div><\/div><\/div><\/div>\n","protected":false},"excerpt":{"rendered":"","protected":false},"author":1,"featured_media":0,"parent":0,"menu_order":0,"comment_status":"closed","ping_status":"closed","template":"","meta":{"ngg_post_thumbnail":0,"footnotes":""},"class_list":["post-870","page","type-page","status-publish","hentry"],"_links":{"self":[{"href":"https:\/\/servcarritxo.com\/de\/wp-json\/wp\/v2\/pages\/870","targetHints":{"allow":["GET"]}}],"collection":[{"href":"https:\/\/servcarritxo.com\/de\/wp-json\/wp\/v2\/pages"}],"about":[{"href":"https:\/\/servcarritxo.com\/de\/wp-json\/wp\/v2\/types\/page"}],"author":[{"embeddable":true,"href":"https:\/\/servcarritxo.com\/de\/wp-json\/wp\/v2\/users\/1"}],"replies":[{"embeddable":true,"href":"https:\/\/servcarritxo.com\/de\/wp-json\/wp\/v2\/comments?post=870"}],"version-history":[{"count":2,"href":"https:\/\/servcarritxo.com\/de\/wp-json\/wp\/v2\/pages\/870\/revisions"}],"predecessor-version":[{"id":872,"href":"https:\/\/servcarritxo.com\/de\/wp-json\/wp\/v2\/pages\/870\/revisions\/872"}],"wp:attachment":[{"href":"https:\/\/servcarritxo.com\/de\/wp-json\/wp\/v2\/media?parent=870"}],"curies":[{"name":"wp","href":"https:\/\/api.w.org\/{rel}","templated":true}]}}

<div class="fusion-fullwidth fullwidth-box fusion-builder-row-1 fusion-flex-container has-pattern-background has-mask-background nonhundred-percent-fullwidth non-hundred-percent-height-scrolling" style="--awb-border-radius-top-left:0px;--awb-border-radius-top-right:0px;--awb-border-radius-bottom-right:0px;--awb-border-radius-bottom-left:0px;--awb-flex-wrap:wrap;" ><div class="fusion-builder-row fusion-row fusion-flex-align-items-flex-start fusion-flex-content-wrap" style="max-width:1144px;margin-left: calc(-4% / 2 );margin-right: calc(-4% / 2 );"><div class="fusion-layout-column fusion_builder_column fusion-builder-column-0 fusion_builder_column_1_1 1_1 fusion-flex-column" style="--awb-bg-size:cover;--awb-width-large:100%;--awb-margin-top-large:0px;--awb-spacing-right-large:1.92%;--awb-margin-bottom-large:20px;--awb-spacing-left-large:1.92%;--awb-width-medium:100%;--awb-order-medium:0;--awb-spacing-right-medium:1.92%;--awb-spacing-left-medium:1.92%;--awb-width-small:100%;--awb-order-small:0;--awb-spacing-right-small:1.92%;--awb-spacing-left-small:1.92%;"><div class="fusion-column-wrapper fusion-column-has-shadow fusion-flex-justify-content-flex-start fusion-content-layout-column"><div class="fusion-title title fusion-title-1 fusion-title-center fusion-title-text fusion-title-size-one"><div class="title-sep-container title-sep-container-left"><div class="title-sep sep- sep-solid" style="border-color:#e0dede;"></div></div><span class="awb-title-spacer"></span><h1 class="fusion-title-heading title-heading-center" style="margin:0;"><p>DATENSCHUTZRICHTLINIE</p>
<p>&nbsp;</p></h1><span class="awb-title-spacer"></span><div class="title-sep-container title-sep-container-right"><div class="title-sep sep- sep-solid" style="border-color:#e0dede;"></div></div></div><div class="fusion-separator fusion-full-width-sep" style="align-self: center;margin-left: auto;margin-right: auto;width:100%;"><div class="fusion-separator-border sep-shadow" style="--awb-height:20px;--awb-amount:20px;background:radial-gradient(ellipse at 50% -50% , #e0dede 0px, rgba(255, 255, 255, 0) 80%) repeat scroll 0 0 rgba(0, 0, 0, 0);background:-webkit-radial-gradient(ellipse at 50% -50% , #e0dede 0px, rgba(255, 255, 255, 0) 80%) repeat scroll 0 0 rgba(0, 0, 0, 0);background:-moz-radial-gradient(ellipse at 50% -50% , #e0dede 0px, rgba(255, 255, 255, 0) 80%) repeat scroll 0 0 rgba(0, 0, 0, 0);background:-o-radial-gradient(ellipse at 50% -50% , #e0dede 0px, rgba(255, 255, 255, 0) 80%) repeat scroll 0 0 rgba(0, 0, 0, 0);"></div></div><div class="fusion-text fusion-text-1" style="--awb-content-alignment:justify;--awb-margin-top:30px;"><p class="p1">In Erfüllung der Bestimmungen der <span class="s1">Datenschutz-Grundverordnung (EU) 2016/679</span> des Europäischen Parlaments und des Rates vom 27. April 2016 sowie des <span class="s1">spanischen Datenschutzgesetzes (Ley Orgánica 3/2018 vom 5. Dezember)</span>zum Schutz personenbezogener Daten und zur Gewährleistung der digitalen Rechte informieren wir Sie über Folgendes:</p>
</p>
<p class="p1">Der Inhaber dieser Website und Verantwortliche für die über diese Website oder im Rahmen seiner beruflichen Tätigkeit durchgeführten Datenverarbeitungen ist <span class="s1">SERVCARRITXO SL</span> (nachfolgend der <span class="s1">VERANTWORTLICHE</span>), mit Sitz in <span class="s1">Quinta Vuelta, 135 – 07208 Es Carritxó (Illes Balears)</span>, <span class="s1">N.I.F. B07960537</span>, und der E-Mail-Adresse für Datenschutzanliegen: <span class="s1">LOPD@SERVCARRITXO.COM</span>.</p>
</p>
<p class="p1">Die über diese Website oder auf anderem Wege erhobenen personenbezogenen Daten werden <span class="s1">sicher und vertraulich</span>behandelt. Es werden technische und organisatorische Maßnahmen angewendet, um den Schutz dieser Daten vor unbefugter oder unrechtmäßiger Verarbeitung sowie vor Verlust, Zerstörung oder versehentlicher Beschädigung zu gewährleisten.</p>
</p>
<p class="p1">Diese Daten werden in die entsprechenden Verarbeitungstätigkeiten des VERANTWORTLICHEN aufgenommen, zu denen unter anderem die Verwaltung der über diese Website und ihre Formulare erhobenen personenbezogenen Daten gehört. Die als obligatorisch gekennzeichneten Angaben sind stets die minimal erforderlichen Informationen, um den jeweiligen vertraglichen oder gesetzlichen Zweck zu erfüllen. Verarbeitete Daten können Identifikationsdaten, Post- und E-Mail-Adressen sowie geschäftsbezogene Informationen über angefragte Dienstleistungen umfassen.</p>
</p>
<p class="p1">Der <span class="s1">Zweck</span> der Datenverarbeitung besteht – je nach Fall – in der Verwaltung von Anfragen oder Reservierungen, der Organisation der beruflichen Tätigkeit des VERANTWORTLICHEN zur ordnungsgemäßen Erbringung der angebotenen Dienstleistungen, der Pflege der Beziehung zu Kunden und potenziellen Kunden sowie in der Erfüllung gesetzlicher Verpflichtungen, die sich aus der ausgeübten Tätigkeit ergeben.</p>
</p>
<p class="p1">Die Verarbeitung personenbezogener Daten erfolgt auf einer der folgenden <span class="s1">Rechtsgrundlagen</span>:</p>
</p>
<p class="p3">
<ul>
<li>
<p class="p1">Auf der Grundlage Ihrer <span class="s1">Einwilligung</span>, wenn diese erforderlich ist, freiwillig, spezifisch, informiert und unmissverständlich erteilt wird;</p>
</li>
<li>
<p class="p1">Zur <span class="s1">Erfüllung eines Vertrags</span>, dessen Vertragspartei Sie sind, oder zur Durchführung vorvertraglicher Maßnahmen auf Ihre Anfrage hin;</p>
</li>
<li>
<p class="p1"><span class="s1">Zur </span>Erfüllung einer rechtlichen Verpflichtung<span class="s1">, die den VERANTWORTLICHEN betrifft;</span></p>
</li>
<li>
<p class="p1">Oder auf Grundlage des <span class="s1">berechtigten Interesses</span> des VERANTWORTLICHEN, sofern dieses ordnungsgemäß abgewogen wurde.</p>
</li>
</ul>
<p>&nbsp;</p>
<p class="p1">Die personenbezogenen Daten werden nur so lange aufbewahrt, wie es zur Erfüllung des Zwecks, für den sie erhoben wurden, und zur Feststellung möglicher rechtlicher Verantwortlichkeiten erforderlich ist, es sei denn, gesetzliche Vorschriften sehen ausdrücklich längere Aufbewahrungsfristen vor.</p>
</p>
<p class="p1">Eine Weitergabe personenbezogener Daten an Dritte erfolgt <span class="s1">nicht</span>, es sei denn, es besteht eine gesetzliche Verpflichtung. In diesem Fall können die Daten unter anderem an Arbeits- oder Steuerbehörden übermittelt werden.</p>
</p>
<p class="p1">Die betroffene Person hat das Recht auf <span class="s1">Auskunft</span>, <span class="s1">Berichtigung</span>, <span class="s1">Löschung</span>, <span class="s1">Einschränkung der Verarbeitung</span>, <span class="s1">Widerspruch</span> gegen die Verarbeitung sowie auf <span class="s1">Datenübertragbarkeit</span>. Sofern die Verarbeitung auf Einwilligung beruht, kann diese jederzeit widerrufen werden, ohne dass die Rechtmäßigkeit der aufgrund der Einwilligung bis zum Widerruf erfolgten Verarbeitung berührt wird. Außerdem besteht das Recht, eine Beschwerde bei der zuständigen Aufsichtsbehörde einzureichen, insbesondere bei der <span class="s1">Spanischen Datenschutzbehörde (Agencia Española de Protección de Datos – www.aepd.es)</span>.</p>
</p>
<p class="p1">Zur Ausübung der genannten Rechte kann sich die betroffene Person schriftlich an den VERANTWORTLICHEN über einen der oben angegebenen Kontaktwege wenden.</p>
</div></div></div></div></div>
